43?
1
What is the ten thousands digit of 1239618244?
1
What is the tens digit of 1719206?
0
What is the millions digit of 5991489291?
1
What is the tens digit of 121314256?
5
What is the ten millions digit of 1028121056?
2
What is the hundred thousands digit of 4980663298?
6
What is the units digit of 32631353?
3
What is the thousands digit of 104983562?
3
What is the hundred thousands digit of 391568592?
5
What is the thousands digit of 5433209659?
9
What is the ten millions digit of 36756839?
3
What is the millions digit of 3338477141?
8
What is the units digit of 326918067?
7
What is the hundred millions digit of 163717256?
1
What is the thousands digit of 2216739453?
9
What is the hundred thousands digit of 3011966335?
9
What is the thousands digit of 810462164?
2
What is the tens digit of 16742433?
3
What is the ten thousands digit of 44702360?
0
What is the tens digit of 27819071?
7
What is the tens digit of 116590035?
3
What is the millions digit of 1358654580?
8
What is the ten thousands digit of 160146825?
4
What is the billions digit of 1069339989?
1
What is the tens digit of 26683956?
5
What is the ten millions digit of 131245637?
3
What is the units digit of 18770702?
2
What is the millions digit of 151234519?
1
What is the units digit of 56300041?
1
What is the ten millions digit of 865725045?
6
What is the thousands digit of 155160642?
0
What is the millions digit of 1799207087?
9
What is the tens digit of 28285043?
4
What is the tens digit of 46303733?
3
What is the millions digit of 2103426505?
3
What is the ten thousands digit of 678767796?
6
What is the hundreds digit of 2053648694?
6
What is the thousands digit of 33734538?
4
What is the thousands digit of 330688521?
8
What is the hundreds digit of 55602723?
7
What is the millions digit of 163724484?
3
What is the hundreds digit of 1770790894?
8
What is the hundred thousands digit of 12648612?
6
What is the ten thousands digit of 444855?
4
What is the hundreds digit of 15588342?
3
What is the hundreds digit of 1361452809?
8
What is the ten thousands digit of 102100870?
0
What is the units digit of 326133554?
4
What is the millions digit of 229466302?
9
What is the millions digit of 3771000543?
1
What is the hundred millions digit of 2169267759?
1
What is the ten millions digit of 129937017?
2
What is the units digit of 2901376272?
2
What is the ten millions digit of 1759893406?
5
What is the tens digit of 13415033?
3
What is the ten millions digit of 1232098349?
3
What is the millions digit of 34294893?
4
What is the billions digit of 8102823407?
8
What is the thousands digit of 1775667533?
7
What is the hundreds digit of 71201118?
1
What is the tens digit of 148300571?
7
What is the ten thousands digit of 73551419?
5
What is the ten millions digit of 1369192803?
6
What is the units digit of 214840124?
4
What is the ten thousands digit of 956850278?
5
What is the units digit of 1308547292?
2
What is the units digit of 112131114?
4
What is the ten thousands digit of 256248788?
4
What is the units digit of 3460143922?
2
What is the units digit of 132503238?
8
What is the thousands digit of 98377160?
7
What is the millions digit of 614061704?
4
What is the units digit of 297173735?
5
What is the hundred millions digit of 3574530257?
5
What is the ten thousands digit of 767981248?
8
What is the tens digit of 36028381?
8
What is the tens digit of 982441304?
0
What is the hundreds digit of 2727571209?
2
What is the hundreds digit of 2402960504?
5
What is the ten millions digit of 1150245451?
5
What is the units digit of 2867764174?
4
What is the ten thousands digit of 967215016?
1
What is the thousands digit of 1409217317?
7
What is the tens digit of 274821202?
0
What is the billions digit of 2105537631?
2
What is the units digit of 157777546?
6
What is the millions digit of 153374379?
3
What is the hundreds digit of 63735131?
1
What is the hundreds digit of 2417148706?
7
What is the ten thousands digit of 25167924?
6
What is the hundred thousands digit of 15328012?
3
What is the tens digit of 1674311?
1
What is the billions digit of 1166013498?
1
What is the hundred thousands digit of 483907832?
9
What is the hundred thousands digit of 5363554?
3
What is the hundreds digit of 51125830?
8
What is the ten thousands digit of 128010193?
1
What is the ten thousands digit of 94948989?
4
What is the ten thousands digit of 3040958041?
5
What is the ten thousands digit of 284102012?
0
What is the millions digit of 232310435?
2
What is the ten thousands digit of 2592668500?
6
What is the tens digit of 133049875?
7
What is the units digit of 231917378?
8
What is the ten millions digit of 993590170?
9
What is the hundred thousands digit of 184877080?
8
What is the ten thousands digit of 2418559508?
5
What is the tens digit of 68938218?
1
What is the tens digit of 122415054?
5
What is the ten thousands digit of 73707221?
0
What is the millions digit of 231135354?
1
What is the ten thousands digit of 56399457?
9
What is the tens digit of 153585504?
0
What is the hundred thousands digit of 460645382?
6
What is the tens digit of 55078841?
4
What is the thousands digit of 29267940?
7
What is the millions digit of 68515106?
8
What is the millions digit of 271989309?
1
What is the thousands digit of 218492586?
2
What is the hundred millions digit of 276236297?
2
What is the hundreds digit of 3522285195?
1
What is the hundred thousands digit of 548895910?
8
What is the tens digit of 221200057?
5
What is the units digit of 53885202?
2
What is the units digit of 3136877449?
9
What is the millions digit of 4087520029?
7
What is the ten millions digit of 62318878?
6
What is the billions digit of 1470907093?
1
What is the units digit of 561737908?
8
What is the hundred thousands digit of 6876739836?
7
What is the thousands digit of 51270166?
0
What is the millions digit of 2112755465?
2
What is the ten millions digit of 2081833037?
8
What is the hundred thousands digit of 602558667?
5
What is the ten thousands digit of 994410674?
1
What is the billions digit of 1950584672?
1
What is the units digit of 131388610?
0
What is the tens digit of 1083902935?
3
What is the hundred thousands digit of 1481611283?
6
What is the hundreds digit of 80532972?
9
What is the units digit of 153650321?
1
What is the thousands digit of 840911704?
1
What is the hundred thousands digit of 87922850?
9
What is the hundred millions digit of 187108523?
1
What is the hundred millions digit of 1044860196?
0
What is the ten millions digit of 55101354?
5
What is the ten thousands digit of 1084684192?
8
What is the ten thousands digit of 958312971?
1
What is the units digit of 7994101834?
4
What is the hundreds digit of 2881301?
3
What is the hundred thousands digit of 101220101?
2
What is the hundreds digit of 768844697?
6
What is the millions digit of 892522684?
2
What is the hundred millions digit of 145482132?
1
What is the ten millions digit of 78609922?
7
What is the ten thousands digit of 14710422?
1
What is the hundred millions digit of 762371510?
7
What is the units digit of 114429430?
0
What is the tens digit of 464204136?
3
What is the thousands digit of 740922891?
2
What is the ten millions digit of 454989515?
5
What is the thousands digit of 19182605?
2
What is the hundred millions digit of 191180370?
1
What is the units digit of 222185270?
0
What is the tens digit of 959651856?
5
What is the units digit of 2228479203?
3
What is the hundred thousands digit of 4751022132?
0
What is the ten millions digit of 30965156?
3
What is the hundreds digit of 157618219?
2
What is the hundred millions digit of 2003766514?
0
What is the ten thousands digit of 1006568844?
6
What is the thousands digit of 1312701737?
1
What is the tens digit of 3980370556?
5
What is the millions digit of 922865426?
2
What is the hundreds digit of 53883718?
7
What is the hundred thousands digit of 16950271?
9
What is the ten thousands digit of 3915250854?
5
What is the hundreds digit of 63429488?
4
What is the hundred millions digit of 551519466?
5
What is the ten millions digit of 573762644?
7
What is the hundred millions digit of 510217653?
5
What is the hundred millions digit of 147949773?
1
What is the hundreds digit of 223257656?
6
What is the t